{"id":259,"date":"2016-05-23T10:32:02","date_gmt":"2016-05-23T10:32:02","guid":{"rendered":"http:\/\/test.kriesi.at\/enfold-health-coach\/?page_id=259"},"modified":"2026-03-11T13:18:16","modified_gmt":"2026-03-11T13:18:16","slug":"blog-2","status":"publish","type":"page","link":"https:\/\/zerap-germany.de\/index.php\/blog-2\/","title":{"rendered":"News"},"content":{"rendered":"\n<style type=\"text\/css\" data-created_by=\"avia_inline_auto\" id=\"style-css-av-ck8aj-5c0f4eb3a01ec70a97e299635c7e84e8\">\n.flex_column.av-ck8aj-5c0f4eb3a01ec70a97e299635c7e84e8{\nborder-radius:0px 0px 0px 0px;\npadding:0px 0px 0px 0px;\n}\n<\/style>\n<div  class='flex_column av-ck8aj-5c0f4eb3a01ec70a97e299635c7e84e8 av_one_full  avia-builder-el-0  avia-builder-el-no-sibling  first flex_column_div av-zero-column-padding  '     ><p>\n<style type=\"text\/css\" data-created_by=\"avia_inline_auto\" id=\"style-css-av-mmm2c1sm-2a7b1f12515aa20a42c3caa70747d653\">\n#top .av-special-heading.av-mmm2c1sm-2a7b1f12515aa20a42c3caa70747d653{\npadding-bottom:10px;\n}\nbody .av-special-heading.av-mmm2c1sm-2a7b1f12515aa20a42c3caa70747d653 .av-special-heading-tag .heading-char{\nfont-size:25px;\n}\n.av-special-heading.av-mmm2c1sm-2a7b1f12515aa20a42c3caa70747d653 .av-subheading{\nfont-size:15px;\n}\n<\/style>\n<div  class='av-special-heading av-mmm2c1sm-2a7b1f12515aa20a42c3caa70747d653 av-special-heading-h1 blockquote modern-quote  avia-builder-el-1  el_before_av_blog  avia-builder-el-first '><h1 class='av-special-heading-tag '  itemprop=\"headline\"  >News<\/h1><div class=\"special-heading-border\"><div class=\"special-heading-inner-border\"><\/div><\/div><\/div><br \/>\n<div  data-slideshow-options=\"{&quot;animation&quot;:&quot;fade&quot;,&quot;autoplay&quot;:false,&quot;loop_autoplay&quot;:&quot;once&quot;,&quot;interval&quot;:5,&quot;loop_manual&quot;:&quot;manual-endless&quot;,&quot;autoplay_stopper&quot;:false,&quot;noNavigation&quot;:false,&quot;show_slide_delay&quot;:90}\" class='avia-content-slider avia-content-grid-active avia-content-slider1 avia-content-slider-odd  avia-builder-el-2  el_after_av_heading  avia-builder-el-last  av-slideshow-ui av-control-default   av-no-slider-navigation av-slideshow-manual av-loop-once av-loop-manual-endless '  itemscope=\"itemscope\" itemtype=\"https:\/\/schema.org\/Blog\" ><div class=\"avia-content-slider-inner\"><div class=\"slide-entry-wrap\"><article class='slide-entry flex_column  post-entry post-entry-2525 slide-entry-overview slide-loop-1 slide-parity-odd  av_one_third first real-thumbnail posttype-post post-format-standard'  itemscope=\"itemscope\" itemtype=\"https:\/\/schema.org\/CreativeWork\" ><a href='https:\/\/zerap-germany.de\/index.php\/2026\/03\/11\/ostermarkt-auf-dem-thierbachshof\/' data-rel='slide-1' class='slide-image' title='Ostermarkt auf dem Thierbachshof'><img decoding=\"async\" fetchpriority=\"high\" width=\"495\" height=\"400\" src=\"https:\/\/zerap-germany.de\/wp-content\/uploads\/2026\/03\/Ostermarkt-Veranstaltung-495x400.png\" class=\"wp-image-2533 avia-img-lazy-loading-not-2533 attachment-portfolio size-portfolio wp-post-image\" alt=\"\" \/><\/a><div class=\"slide-content\"><header class=\"entry-content-header\" aria-label=\"Slide: Ostermarkt auf dem Thierbachshof\"><span class=\"blog-categories minor-meta\"><a href=\"https:\/\/zerap-germany.de\/index.php\/category\/news\/\" rel=\"tag\">News<\/a> <\/span><h3 class='slide-entry-title entry-title '  itemprop=\"headline\" ><a href='https:\/\/zerap-germany.de\/index.php\/2026\/03\/11\/ostermarkt-auf-dem-thierbachshof\/' title='Ostermarkt auf dem Thierbachshof'>Ostermarkt auf dem Thierbachshof<\/a><\/h3><span class=\"av-vertical-delimiter\"><\/span><\/header><div class='slide-entry-excerpt entry-content'  itemprop=\"text\" >\nBevor im Mai die Kultursaison Steinh\u00f6fel startet, beginnt bei uns traditionell die Veranstaltungssaison mit unserem Ostermarkt auf dem Thierbachshof. Ein kleiner Fr\u00fchlingsmarkt auf dem Hof \u2013 mit regionalen Produkten, Handwerk und etwas\u2026<\/div><\/div><footer class=\"entry-footer\"><div class=\"slide-meta\"><time class='slide-meta-time updated'  itemprop=\"datePublished\" datetime=\"2026-03-11T13:02:23+00:00\" >M\u00e4rz 11, 2026<\/time><\/div><\/footer><span class='hidden'>\n\t\t\t\t<span class='av-structured-data'  itemprop=\"image\" itemscope=\"itemscope\" itemtype=\"https:\/\/schema.org\/ImageObject\" >\n\t\t\t\t\t\t<span itemprop='url'>https:\/\/zerap-germany.de\/wp-content\/uploads\/2026\/03\/Ostermarkt-Veranstaltung.png<\/span>\n\t\t\t\t\t\t<span itemprop='height'>630<\/span>\n\t\t\t\t\t\t<span itemprop='width'>1200<\/span>\n\t\t\t\t<\/span>\n\t\t\t\t<span class='av-structured-data'  itemprop=\"publisher\" itemtype=\"https:\/\/schema.org\/Organization\" itemscope=\"itemscope\" >\n\t\t\t\t\t\t<span itemprop='name'>Team ZERAP<\/span>\n\t\t\t\t\t\t<span itemprop='logo' itemscope itemtype='https:\/\/schema.org\/ImageObject'>\n\t\t\t\t\t\t\t<span itemprop='url'>https:\/\/zerap-germany.de\/wp-content\/uploads\/2025\/02\/Logo_neu-1024x456-1-300x134.jpg<\/span>\n\t\t\t\t\t\t<\/span>\n\t\t\t\t<\/span><span class='av-structured-data'  itemprop=\"author\" itemscope=\"itemscope\" itemtype=\"https:\/\/schema.org\/Person\" ><span itemprop='name'>Team ZERAP<\/span><\/span><span class='av-structured-data'  itemprop=\"datePublished\" datetime=\"2016-05-23T10:32:02+00:00\" >2026-03-11 13:02:23<\/span><span class='av-structured-data'  itemprop=\"dateModified\" itemtype=\"https:\/\/schema.org\/dateModified\" >2026-03-12 18:19:42<\/span><span class='av-structured-data'  itemprop=\"mainEntityOfPage\" itemtype=\"https:\/\/schema.org\/mainEntityOfPage\" ><span itemprop='name'>Ostermarkt auf dem Thierbachshof<\/span><\/span><\/span><\/article><article class='slide-entry flex_column  post-entry post-entry-2530 slide-entry-overview slide-loop-2 slide-parity-even  av_one_third  real-thumbnail posttype-post post-format-standard'  itemscope=\"itemscope\" itemtype=\"https:\/\/schema.org\/CreativeWork\" ><a href='https:\/\/zerap-germany.de\/index.php\/2026\/03\/09\/kultursaison-in-steinhoefel-ein-projekt-von-zerap-germany-e-v\/' data-rel='slide-1' class='slide-image' title='Kultursaison in Steinh\u00f6fel &#8211; ein Projekt von ZERAP Germany e.V'><img decoding=\"async\" fetchpriority=\"high\" width=\"495\" height=\"400\" src=\"https:\/\/zerap-germany.de\/wp-content\/uploads\/2026\/03\/649665479_1277923804525148_8342765555910682966_n-495x400.jpg\" class=\"wp-image-2531 avia-img-lazy-loading-not-2531 attachment-portfolio size-portfolio wp-post-image\" alt=\"\" srcset=\"https:\/\/zerap-germany.de\/wp-content\/uploads\/2026\/03\/649665479_1277923804525148_8342765555910682966_n-495x400.jpg 495w, https:\/\/zerap-germany.de\/wp-content\/uploads\/2026\/03\/649665479_1277923804525148_8342765555910682966_n-845x684.jpg 845w\" sizes=\"(max-width: 495px) 100vw, 495px\" \/><\/a><div class=\"slide-content\"><header class=\"entry-content-header\" aria-label=\"Slide: Kultursaison in Steinh\u00f6fel - ein Projekt von ZERAP Germany e.V\"><span class=\"blog-categories minor-meta\"><a href=\"https:\/\/zerap-germany.de\/index.php\/category\/news\/\" rel=\"tag\">News<\/a> <\/span><h3 class='slide-entry-title entry-title '  itemprop=\"headline\" ><a href='https:\/\/zerap-germany.de\/index.php\/2026\/03\/09\/kultursaison-in-steinhoefel-ein-projekt-von-zerap-germany-e-v\/' title='Kultursaison in Steinh\u00f6fel &#8211; ein Projekt von ZERAP Germany e.V'>Kultursaison in Steinh\u00f6fel &#8211; ein Projekt von ZERAP Germany e.V<\/a><\/h3><span class=\"av-vertical-delimiter\"><\/span><\/header><div class='slide-entry-excerpt entry-content'  itemprop=\"text\" >\nDer Verein ZERAP Germany e.V. erweitert in diesem Jahr seine Veranstaltungen mit der Kultursaison in Steinh\u00f6fel. Ziel ist es, Begegnung, Austausch und gemeinsames Erleben im l\u00e4ndlichen Raum zu st\u00e4rken \u2013 Kultur als Ort f\u00fcr Dialog und Dorfentwicklung.\n\n\n\nAls\u2026<\/div><\/div><footer class=\"entry-footer\"><div class=\"slide-meta\"><time class='slide-meta-time updated'  itemprop=\"datePublished\" datetime=\"2026-03-09T13:12:47+00:00\" >M\u00e4rz 9, 2026<\/time><\/div><\/footer><span class='hidden'>\n\t\t\t\t<span class='av-structured-data'  itemprop=\"image\" itemscope=\"itemscope\" itemtype=\"https:\/\/schema.org\/ImageObject\" >\n\t\t\t\t\t\t<span itemprop='url'>https:\/\/zerap-germany.de\/wp-content\/uploads\/2026\/03\/649665479_1277923804525148_8342765555910682966_n.jpg<\/span>\n\t\t\t\t\t\t<span itemprop='height'>2000<\/span>\n\t\t\t\t\t\t<span itemprop='width'>2000<\/span>\n\t\t\t\t<\/span>\n\t\t\t\t<span class='av-structured-data'  itemprop=\"publisher\" itemtype=\"https:\/\/schema.org\/Organization\" itemscope=\"itemscope\" >\n\t\t\t\t\t\t<span itemprop='name'>Team ZERAP<\/span>\n\t\t\t\t\t\t<span itemprop='logo' itemscope itemtype='https:\/\/schema.org\/ImageObject'>\n\t\t\t\t\t\t\t<span itemprop='url'>https:\/\/zerap-germany.de\/wp-content\/uploads\/2025\/02\/Logo_neu-1024x456-1-300x134.jpg<\/span>\n\t\t\t\t\t\t<\/span>\n\t\t\t\t<\/span><span class='av-structured-data'  itemprop=\"author\" itemscope=\"itemscope\" itemtype=\"https:\/\/schema.org\/Person\" ><span itemprop='name'>Team ZERAP<\/span><\/span><span class='av-structured-data'  itemprop=\"datePublished\" datetime=\"2016-05-23T10:32:02+00:00\" >2026-03-09 13:12:47<\/span><span class='av-structured-data'  itemprop=\"dateModified\" itemtype=\"https:\/\/schema.org\/dateModified\" >2026-03-12 18:13:21<\/span><span class='av-structured-data'  itemprop=\"mainEntityOfPage\" itemtype=\"https:\/\/schema.org\/mainEntityOfPage\" ><span itemprop='name'>Kultursaison in Steinh\u00f6fel &#8211; ein Projekt von ZERAP Germany e.V<\/span><\/span><\/span><\/article><article class='slide-entry flex_column  post-entry post-entry-2535 slide-entry-overview slide-loop-3 slide-parity-odd  post-entry-last  av_one_third  real-thumbnail posttype-post post-format-standard'  itemscope=\"itemscope\" itemtype=\"https:\/\/schema.org\/CreativeWork\" ><a href='https:\/\/zerap-germany.de\/index.php\/2026\/01\/16\/zerap-auf-facebook\/' data-rel='slide-1' class='slide-image' title='ZERAP auf Facebook'><img decoding=\"async\" fetchpriority=\"high\" width=\"495\" height=\"400\" src=\"https:\/\/zerap-germany.de\/wp-content\/uploads\/2026\/03\/Doerfer-im-Aufbruch-Bild-495x400.png\" class=\"wp-image-2536 avia-img-lazy-loading-not-2536 attachment-portfolio size-portfolio wp-post-image\" alt=\"\" \/><\/a><div class=\"slide-content\"><header class=\"entry-content-header\" aria-label=\"Slide: ZERAP auf Facebook\"><span class=\"blog-categories minor-meta\"><a href=\"https:\/\/zerap-germany.de\/index.php\/category\/news\/\" rel=\"tag\">News<\/a> <\/span><h3 class='slide-entry-title entry-title '  itemprop=\"headline\" ><a href='https:\/\/zerap-germany.de\/index.php\/2026\/01\/16\/zerap-auf-facebook\/' title='ZERAP auf Facebook'>ZERAP auf Facebook<\/a><\/h3><span class=\"av-vertical-delimiter\"><\/span><\/header><div class='slide-entry-excerpt entry-content'  itemprop=\"text\" >\n\n\n\n\n\u201eD\u00f6rfer im Aufbruch\u201c , unsere Video-Reihe jetzt auch auf Facebook\n\n\n\nSeit einigen Jahren besch\u00e4ftigen wir uns intensiv mit der Frage, wie sich D\u00f6rfer weiterentwickeln k\u00f6nnen. Dabei sind viele Gespr\u00e4che, Begegnungen und Beispiele\u2026<\/div><\/div><footer class=\"entry-footer\"><div class=\"slide-meta\"><time class='slide-meta-time updated'  itemprop=\"datePublished\" datetime=\"2026-01-16T13:37:48+00:00\" >Januar 16, 2026<\/time><\/div><\/footer><span class='hidden'>\n\t\t\t\t<span class='av-structured-data'  itemprop=\"image\" itemscope=\"itemscope\" itemtype=\"https:\/\/schema.org\/ImageObject\" >\n\t\t\t\t\t\t<span itemprop='url'>https:\/\/zerap-germany.de\/wp-content\/uploads\/2026\/03\/Doerfer-im-Aufbruch-Bild.png<\/span>\n\t\t\t\t\t\t<span itemprop='height'>625<\/span>\n\t\t\t\t\t\t<span itemprop='width'>682<\/span>\n\t\t\t\t<\/span>\n\t\t\t\t<span class='av-structured-data'  itemprop=\"publisher\" itemtype=\"https:\/\/schema.org\/Organization\" itemscope=\"itemscope\" >\n\t\t\t\t\t\t<span itemprop='name'>Team ZERAP<\/span>\n\t\t\t\t\t\t<span itemprop='logo' itemscope itemtype='https:\/\/schema.org\/ImageObject'>\n\t\t\t\t\t\t\t<span itemprop='url'>https:\/\/zerap-germany.de\/wp-content\/uploads\/2025\/02\/Logo_neu-1024x456-1-300x134.jpg<\/span>\n\t\t\t\t\t\t<\/span>\n\t\t\t\t<\/span><span class='av-structured-data'  itemprop=\"author\" itemscope=\"itemscope\" itemtype=\"https:\/\/schema.org\/Person\" ><span itemprop='name'>Team ZERAP<\/span><\/span><span class='av-structured-data'  itemprop=\"datePublished\" datetime=\"2016-05-23T10:32:02+00:00\" >2026-01-16 13:37:48<\/span><span class='av-structured-data'  itemprop=\"dateModified\" itemtype=\"https:\/\/schema.org\/dateModified\" >2026-03-11 13:39:35<\/span><span class='av-structured-data'  itemprop=\"mainEntityOfPage\" itemtype=\"https:\/\/schema.org\/mainEntityOfPage\" ><span itemprop='name'>ZERAP auf Facebook<\/span><\/span><\/span><\/article><\/div><\/div><\/div><\/p><\/div>\n","protected":false},"excerpt":{"rendered":"","protected":false},"author":1,"featured_media":0,"parent":0,"menu_order":0,"comment_status":"closed","ping_status":"closed","template":"","meta":{"footnotes":""},"class_list":["post-259","page","type-page","status-publish","hentry"],"_links":{"self":[{"href":"https:\/\/zerap-germany.de\/index.php\/wp-json\/wp\/v2\/pages\/259","targetHints":{"allow":["GET"]}}],"collection":[{"href":"https:\/\/zerap-germany.de\/index.php\/wp-json\/wp\/v2\/pages"}],"about":[{"href":"https:\/\/zerap-germany.de\/index.php\/wp-json\/wp\/v2\/types\/page"}],"author":[{"embeddable":true,"href":"https:\/\/zerap-germany.de\/index.php\/wp-json\/wp\/v2\/users\/1"}],"replies":[{"embeddable":true,"href":"https:\/\/zerap-germany.de\/index.php\/wp-json\/wp\/v2\/comments?post=259"}],"version-history":[{"count":6,"href":"https:\/\/zerap-germany.de\/index.php\/wp-json\/wp\/v2\/pages\/259\/revisions"}],"predecessor-version":[{"id":2534,"href":"https:\/\/zerap-germany.de\/index.php\/wp-json\/wp\/v2\/pages\/259\/revisions\/2534"}],"wp:attachment":[{"href":"https:\/\/zerap-germany.de\/index.php\/wp-json\/wp\/v2\/media?parent=259"}],"curies":[{"name":"wp","href":"https:\/\/api.w.org\/{rel}","templated":true}]}}

<style type="text/css" data-created_by="avia_inline_auto" id="style-css-av-ck8aj-5c0f4eb3a01ec70a97e299635c7e84e8">
.flex_column.av-ck8aj-5c0f4eb3a01ec70a97e299635c7e84e8{
border-radius:0px 0px 0px 0px;
padding:0px 0px 0px 0px;
}
</style>
<div  class='flex_column av-ck8aj-5c0f4eb3a01ec70a97e299635c7e84e8 av_one_full  avia-builder-el-0  avia-builder-el-no-sibling  first flex_column_div av-zero-column-padding  '     ><p>
<style type="text/css" data-created_by="avia_inline_auto" id="style-css-av-mmm2c1sm-2a7b1f12515aa20a42c3caa70747d653">
#top .av-special-heading.av-mmm2c1sm-2a7b1f12515aa20a42c3caa70747d653{
padding-bottom:10px;
}
body .av-special-heading.av-mmm2c1sm-2a7b1f12515aa20a42c3caa70747d653 .av-special-heading-tag .heading-char{
font-size:25px;
}
.av-special-heading.av-mmm2c1sm-2a7b1f12515aa20a42c3caa70747d653 .av-subheading{
font-size:15px;
}
</style>
<div  class='av-special-heading av-mmm2c1sm-2a7b1f12515aa20a42c3caa70747d653 av-special-heading-h1 blockquote modern-quote  avia-builder-el-1  el_before_av_blog  avia-builder-el-first '><h1 class='av-special-heading-tag '  itemprop="headline"  >News</h1><div class="special-heading-border"><div class="special-heading-inner-border"></div></div></div><br />
<div  data-slideshow-options="{&quot;animation&quot;:&quot;fade&quot;,&quot;autoplay&quot;:false,&quot;loop_autoplay&quot;:&quot;once&quot;,&quot;interval&quot;:5,&quot;loop_manual&quot;:&quot;manual-endless&quot;,&quot;autoplay_stopper&quot;:false,&quot;noNavigation&quot;:false,&quot;show_slide_delay&quot;:90}" class='avia-content-slider avia-content-grid-active avia-content-slider1 avia-content-slider-odd  avia-builder-el-2  el_after_av_heading  avia-builder-el-last  av-slideshow-ui av-control-default   av-no-slider-navigation av-slideshow-manual av-loop-once av-loop-manual-endless '  itemscope="itemscope" itemtype="https://schema.org/Blog" ><div class="avia-content-slider-inner"><div class="slide-entry-wrap"><article class='slide-entry flex_column  post-entry post-entry-2525 slide-entry-overview slide-loop-1 slide-parity-odd  av_one_third first real-thumbnail posttype-post post-format-standard'  itemscope="itemscope" itemtype="https://schema.org/CreativeWork" ><a href='https://zerap-germany.de/index.php/2026/03/11/ostermarkt-auf-dem-thierbachshof/' data-rel='slide-1' class='slide-image' title='Ostermarkt auf dem Thierbachshof'><img decoding="async" fetchpriority="high" width="495" height="400" src="https://zerap-germany.de/wp-content/uploads/2026/03/Ostermarkt-Veranstaltung-495x400.png" class="wp-image-2533 avia-img-lazy-loading-not-2533 attachment-portfolio size-portfolio wp-post-image" alt="" /></a><div class="slide-content"><header class="entry-content-header" aria-label="Slide: Ostermarkt auf dem Thierbachshof"><span class="blog-categories minor-meta"><a href="https://zerap-germany.de/index.php/category/news/" rel="tag">News</a> </span><h3 class='slide-entry-title entry-title '  itemprop="headline" ><a href='https://zerap-germany.de/index.php/2026/03/11/ostermarkt-auf-dem-thierbachshof/' title='Ostermarkt auf dem Thierbachshof'>Ostermarkt auf dem Thierbachshof</a></h3><span class="av-vertical-delimiter"></span></header><div class='slide-entry-excerpt entry-content'  itemprop="text" >
Bevor im Mai die Kultursaison Steinhöfel startet, beginnt bei uns traditionell die Veranstaltungssaison mit unserem Ostermarkt auf dem Thierbachshof. Ein kleiner Frühlingsmarkt auf dem Hof – mit regionalen Produkten, Handwerk und etwas…</div></div><footer class="entry-footer"><div class="slide-meta"><time class='slide-meta-time updated'  itemprop="datePublished" datetime="2026-03-11T13:02:23+00:00" >März 11, 2026</time></div></footer><span class='hidden'>
				<span class='av-structured-data'  itemprop="image" itemscope="itemscope" itemtype="https://schema.org/ImageObject" >
						<span itemprop='url'>https://zerap-germany.de/wp-content/uploads/2026/03/Ostermarkt-Veranstaltung.png</span>
						<span itemprop='height'>630</span>
						<span itemprop='width'>1200</span>
				</span>
				<span class='av-structured-data'  itemprop="publisher" itemtype="https://schema.org/Organization" itemscope="itemscope" >
						<span itemprop='name'>Team ZERAP</span>
						<span itemprop='logo' itemscope itemtype='https://schema.org/ImageObject'>
							<span itemprop='url'>https://zerap-germany.de/wp-content/uploads/2025/02/Logo_neu-1024x456-1-300x134.jpg</span>
						</span>
				</span><span class='av-structured-data'  itemprop="author" itemscope="itemscope" itemtype="https://schema.org/Person" ><span itemprop='name'>Team ZERAP</span></span><span class='av-structured-data'  itemprop="datePublished" datetime="2016-05-23T10:32:02+00:00" >2026-03-11 13:02:23</span><span class='av-structured-data'  itemprop="dateModified" itemtype="https://schema.org/dateModified" >2026-03-12 18:19:42</span><span class='av-structured-data'  itemprop="mainEntityOfPage" itemtype="https://schema.org/mainEntityOfPage" ><span itemprop='name'>Ostermarkt auf dem Thierbachshof</span></span></span></article><article class='slide-entry flex_column  post-entry post-entry-2530 slide-entry-overview slide-loop-2 slide-parity-even  av_one_third  real-thumbnail posttype-post post-format-standard'  itemscope="itemscope" itemtype="https://schema.org/CreativeWork" ><a href='https://zerap-germany.de/index.php/2026/03/09/kultursaison-in-steinhoefel-ein-projekt-von-zerap-germany-e-v/' data-rel='slide-1' class='slide-image' title='Kultursaison in Steinhöfel &#8211; ein Projekt von ZERAP Germany e.V'><img decoding="async" fetchpriority="high" width="495" height="400" src="https://zerap-germany.de/wp-content/uploads/2026/03/649665479_1277923804525148_8342765555910682966_n-495x400.jpg" class="wp-image-2531 avia-img-lazy-loading-not-2531 attachment-portfolio size-portfolio wp-post-image" alt="" srcset="https://zerap-germany.de/wp-content/uploads/2026/03/649665479_1277923804525148_8342765555910682966_n-495x400.jpg 495w, https://zerap-germany.de/wp-content/uploads/2026/03/649665479_1277923804525148_8342765555910682966_n-845x684.jpg 845w" sizes="(max-width: 495px) 100vw, 495px" /></a><div class="slide-content"><header class="entry-content-header" aria-label="Slide: Kultursaison in Steinhöfel - ein Projekt von ZERAP Germany e.V"><span class="blog-categories minor-meta"><a href="https://zerap-germany.de/index.php/category/news/" rel="tag">News</a> </span><h3 class='slide-entry-title entry-title '  itemprop="headline" ><a href='https://zerap-germany.de/index.php/2026/03/09/kultursaison-in-steinhoefel-ein-projekt-von-zerap-germany-e-v/' title='Kultursaison in Steinhöfel &#8211; ein Projekt von ZERAP Germany e.V'>Kultursaison in Steinhöfel &#8211; ein Projekt von ZERAP Germany e.V</a></h3><span class="av-vertical-delimiter"></span></header><div class='slide-entry-excerpt entry-content'  itemprop="text" >
Der Verein ZERAP Germany e.V. erweitert in diesem Jahr seine Veranstaltungen mit der Kultursaison in Steinhöfel. Ziel ist es, Begegnung, Austausch und gemeinsames Erleben im ländlichen Raum zu stärken – Kultur als Ort für Dialog und Dorfentwicklung.



Als…</div></div><footer class="entry-footer"><div class="slide-meta"><time class='slide-meta-time updated'  itemprop="datePublished" datetime="2026-03-09T13:12:47+00:00" >März 9, 2026</time></div></footer><span class='hidden'>
				<span class='av-structured-data'  itemprop="image" itemscope="itemscope" itemtype="https://schema.org/ImageObject" >
						<span itemprop='url'>https://zerap-germany.de/wp-content/uploads/2026/03/649665479_1277923804525148_8342765555910682966_n.jpg</span>
						<span itemprop='height'>2000</span>
						<span itemprop='width'>2000</span>
				</span>
				<span class='av-structured-data'  itemprop="publisher" itemtype="https://schema.org/Organization" itemscope="itemscope" >
						<span itemprop='name'>Team ZERAP</span>
						<span itemprop='logo' itemscope itemtype='https://schema.org/ImageObject'>
							<span itemprop='url'>https://zerap-germany.de/wp-content/uploads/2025/02/Logo_neu-1024x456-1-300x134.jpg</span>
						</span>
				</span><span class='av-structured-data'  itemprop="author" itemscope="itemscope" itemtype="https://schema.org/Person" ><span itemprop='name'>Team ZERAP</span></span><span class='av-structured-data'  itemprop="datePublished" datetime="2016-05-23T10:32:02+00:00" >2026-03-09 13:12:47</span><span class='av-structured-data'  itemprop="dateModified" itemtype="https://schema.org/dateModified" >2026-03-12 18:13:21</span><span class='av-structured-data'  itemprop="mainEntityOfPage" itemtype="https://schema.org/mainEntityOfPage" ><span itemprop='name'>Kultursaison in Steinhöfel &#8211; ein Projekt von ZERAP Germany e.V</span></span></span></article><article class='slide-entry flex_column  post-entry post-entry-2535 slide-entry-overview slide-loop-3 slide-parity-odd  post-entry-last  av_one_third  real-thumbnail posttype-post post-format-standard'  itemscope="itemscope" itemtype="https://schema.org/CreativeWork" ><a href='https://zerap-germany.de/index.php/2026/01/16/zerap-auf-facebook/' data-rel='slide-1' class='slide-image' title='ZERAP auf Facebook'><img decoding="async" fetchpriority="high" width="495" height="400" src="https://zerap-germany.de/wp-content/uploads/2026/03/Doerfer-im-Aufbruch-Bild-495x400.png" class="wp-image-2536 avia-img-lazy-loading-not-2536 attachment-portfolio size-portfolio wp-post-image" alt="" /></a><div class="slide-content"><header class="entry-content-header" aria-label="Slide: ZERAP auf Facebook"><span class="blog-categories minor-meta"><a href="https://zerap-germany.de/index.php/category/news/" rel="tag">News</a> </span><h3 class='slide-entry-title entry-title '  itemprop="headline" ><a href='https://zerap-germany.de/index.php/2026/01/16/zerap-auf-facebook/' title='ZERAP auf Facebook'>ZERAP auf Facebook</a></h3><span class="av-vertical-delimiter"></span></header><div class='slide-entry-excerpt entry-content'  itemprop="text" >




„Dörfer im Aufbruch“ , unsere Video-Reihe jetzt auch auf Facebook



Seit einigen Jahren beschäftigen wir uns intensiv mit der Frage, wie sich Dörfer weiterentwickeln können. Dabei sind viele Gespräche, Begegnungen und Beispiele…</div></div><footer class="entry-footer"><div class="slide-meta"><time class='slide-meta-time updated'  itemprop="datePublished" datetime="2026-01-16T13:37:48+00:00" >Januar 16, 2026</time></div></footer><span class='hidden'>
				<span class='av-structured-data'  itemprop="image" itemscope="itemscope" itemtype="https://schema.org/ImageObject" >
						<span itemprop='url'>https://zerap-germany.de/wp-content/uploads/2026/03/Doerfer-im-Aufbruch-Bild.png</span>
						<span itemprop='height'>625</span>
						<span itemprop='width'>682</span>
				</span>
				<span class='av-structured-data'  itemprop="publisher" itemtype="https://schema.org/Organization" itemscope="itemscope" >
						<span itemprop='name'>Team ZERAP</span>
						<span itemprop='logo' itemscope itemtype='https://schema.org/ImageObject'>
							<span itemprop='url'>https://zerap-germany.de/wp-content/uploads/2025/02/Logo_neu-1024x456-1-300x134.jpg</span>
						</span>
				</span><span class='av-structured-data'  itemprop="author" itemscope="itemscope" itemtype="https://schema.org/Person" ><span itemprop='name'>Team ZERAP</span></span><span class='av-structured-data'  itemprop="datePublished" datetime="2016-05-23T10:32:02+00:00" >2026-01-16 13:37:48</span><span class='av-structured-data'  itemprop="dateModified" itemtype="https://schema.org/dateModified" >2026-03-11 13:39:35</span><span class='av-structured-data'  itemprop="mainEntityOfPage" itemtype="https://schema.org/mainEntityOfPage" ><span itemprop='name'>ZERAP auf Facebook</span></span></span></article></div></div></div></p></div>
